{"id":2164,"date":"2015-03-05T16:22:56","date_gmt":"2015-03-05T22:22:56","guid":{"rendered":"https:\/\/tecnicashablarenpublico.com\/blog\/video-extra-como-mover-tus-manos-al-hablar-en-publico\/"},"modified":"2015-03-05T16:41:20","modified_gmt":"2015-03-05T22:41:20","slug":"video-extra-como-mover-tus-manos-al-hablar-en-publico","status":"publish","type":"page","link":"https:\/\/tecnicashablarenpublico.com\/blog\/video-extra-como-mover-tus-manos-al-hablar-en-publico\/","title":{"rendered":"Video EXTRA: C\u00f3mo Mover Tus Manos al Hablar en P\u00fablico"},"content":{"rendered":"<p>[headline_arial_small_centered color=\u00bb#aa0000&#8243;]Mira a continuaci\u00f3n el\u00a0Video Extra que contiene las 10 t\u00e9cnicas faltantes&#8230;[\/headline_arial_small_centered]<\/p>\n<p><iframe class=\"lazyload\" data-src=\"https:\/\/www.youtube.com\/embed\/dpq9kpdZUlI?rel=0&amp;theme=light&amp;autohide=1&amp;showinfo=0&amp;html5=true&amp;controls=1&amp;autoplay=0&amp;modestbranding=1\" width=\"640\" height=\"360\" frameborder=\"0\" allowfullscreen=\"allowfullscreen\"><\/iframe><\/p>\n<p>[headline_arial_small_centered color=\u00bb#aa0000&#8243;]Descarga\u00a0a continuaci\u00f3n la Gu\u00eda en PDF&#8230;[\/headline_arial_small_centered]<\/p>\n<figure id=\"attachment_2160\" aria-describedby=\"caption-attachment-2160\" style=\"width: 247px\" class=\"wp-caption aligncenter\"><a href=\"https:\/\/tecnicashablarenpublico.com\/dsk\/dsk-estructura-ses=029847\/guia_como_mover_tus_manos_al_hablar_en_publico.pdf\" target=\"_blank\"><img decoding=\"async\" data-attachment-id=\"2160\" data-permalink=\"https:\/\/tecnicashablarenpublico.com\/blog\/guia-practica-pdf-13-tecnicas-de-como-mover-tus-manos-al-hablar-en-publico\/hep-portada-guia-podcast-99-como-mover-tus-manos\/\" data-orig-file=\"https:\/\/i0.wp.com\/tecnicashablarenpublico.com\/blog\/wp-content\/uploads\/2015\/03\/hep-portada-guia-podcast-99-como-mover-tus-manos.png?fit=350%2C500&amp;ssl=1\" data-orig-size=\"350,500\" data-comments-opened=\"0\" data-image-meta=\"{&quot;aperture&quot;:&quot;0&quot;,&quot;credit&quot;:&quot;&quot;,&quot;camera&quot;:&quot;&quot;,&quot;caption&quot;:&quot;&quot;,&quot;created_timestamp&quot;:&quot;0&quot;,&quot;copyright&quot;:&quot;&quot;,&quot;focal_length&quot;:&quot;0&quot;,&quot;iso&quot;:&quot;0&quot;,&quot;shutter_speed&quot;:&quot;0&quot;,&quot;title&quot;:&quot;&quot;}\" data-image-title=\"hep-portada-guia-podcast-99-como-mover-tus-manos\" data-image-description=\"&lt;p&gt;13 T\u00e9cnicas &#8211; Como mover tus manos al hablar en p\u00fablico.&lt;\/p&gt;\n\" data-image-caption=\"&lt;p&gt;Click Aqu\u00ed para Descargar el PDF&#8230;&lt;\/p&gt;\n\" data-large-file=\"https:\/\/i0.wp.com\/tecnicashablarenpublico.com\/blog\/wp-content\/uploads\/2015\/03\/hep-portada-guia-podcast-99-como-mover-tus-manos.png?fit=350%2C500&amp;ssl=1\" class=\" wp-image-2160 lazyload\" src=\"data:image\/gif;base64,R0lGODlhAQABAIAAAAAAAP\/\/\/yH5BAEAAAAALAAAAAABAAEAAAIBRAA7\" data-src=\"https:\/\/tecnicashablarenpublico.com\/blog\/wp-content\/uploads\/2015\/03\/hep-portada-guia-podcast-99-como-mover-tus-manos.png\" alt=\"13 T\u00e9cnicas - Como mover tus manos al hablar en p\u00fablico.\" width=\"247\" height=\"353\" \/><figcaption id=\"caption-attachment-2160\" class=\"wp-caption-text\"><noscript><img data-recalc-dims=\"1\" decoding=\"async\" data-attachment-id=\"2160\" data-permalink=\"https:\/\/tecnicashablarenpublico.com\/blog\/guia-practica-pdf-13-tecnicas-de-como-mover-tus-manos-al-hablar-en-publico\/hep-portada-guia-podcast-99-como-mover-tus-manos\/\" data-orig-file=\"https:\/\/i0.wp.com\/tecnicashablarenpublico.com\/blog\/wp-content\/uploads\/2015\/03\/hep-portada-guia-podcast-99-como-mover-tus-manos.png?fit=350%2C500&amp;ssl=1\" data-orig-size=\"350,500\" data-comments-opened=\"0\" data-image-meta=\"{&quot;aperture&quot;:&quot;0&quot;,&quot;credit&quot;:&quot;&quot;,&quot;camera&quot;:&quot;&quot;,&quot;caption&quot;:&quot;&quot;,&quot;created_timestamp&quot;:&quot;0&quot;,&quot;copyright&quot;:&quot;&quot;,&quot;focal_length&quot;:&quot;0&quot;,&quot;iso&quot;:&quot;0&quot;,&quot;shutter_speed&quot;:&quot;0&quot;,&quot;title&quot;:&quot;&quot;}\" data-image-title=\"hep-portada-guia-podcast-99-como-mover-tus-manos\" data-image-description=\"&lt;p&gt;13 T\u00e9cnicas &#8211; Como mover tus manos al hablar en p\u00fablico.&lt;\/p&gt;\n\" data-image-caption=\"&lt;p&gt;Click Aqu\u00ed para Descargar el PDF&#8230;&lt;\/p&gt;\n\" data-large-file=\"https:\/\/i0.wp.com\/tecnicashablarenpublico.com\/blog\/wp-content\/uploads\/2015\/03\/hep-portada-guia-podcast-99-como-mover-tus-manos.png?fit=350%2C500&amp;ssl=1\" class=\" wp-image-2160 lazyload\" src=\"https:\/\/i0.wp.com\/tecnicashablarenpublico.com\/blog\/wp-content\/uploads\/2015\/03\/hep-portada-guia-podcast-99-como-mover-tus-manos.png?fit=350%2C500&ssl=1\" alt=\"13 T\u00e9cnicas - Como mover tus manos al hablar en p\u00fablico.\" width=\"247\" height=\"353\" srcset=\"https:\/\/i0.wp.com\/tecnicashablarenpublico.com\/blog\/wp-content\/uploads\/2015\/03\/hep-portada-guia-podcast-99-como-mover-tus-manos.png?fit=210%2C300&amp;ssl=1 210w, https:\/\/i0.wp.com\/tecnicashablarenpublico.com\/blog\/wp-content\/uploads\/2015\/03\/hep-portada-guia-podcast-99-como-mover-tus-manos.png?fit=350%2C500&amp;ssl=1 350w\" sizes=\"(max-width: 247px) 100vw, 247px\" \/><\/noscript><\/a> Click Aqu\u00ed para Descargar el PDF&#8230;<\/figcaption><\/figure>\n<h3 style=\"text-align: center;\"><a href=\"https:\/\/tecnicashablarenpublico.com\/dsk\/dsk-estructura-ses=029847\/guia_como_mover_tus_manos_al_hablar_en_publico.pdf\" target=\"_blank\"><span style=\"text-decoration: underline;\">Haz click derecho aqu\u00ed &gt;&gt; guadrar como, para descargar el PDF&#8230;<\/span><\/a><\/h3>\n<p>&nbsp;<\/p>\n<p>&nbsp;<\/p>\n<h3><strong>\u00bfQuieres avanzar al siguiente nivel en tu manera de comunicarte?<\/strong><\/h3>\n<p>Si adem\u00e1s de recibir estos videos, quieres unirte a nuestra <b><i>comunidad para practicar con nosotros<\/i><\/b> por Internet, recibir retroalimentaci\u00f3n y desarrollar tu habilidad de hablar bien en p\u00fablico con seguridad, entonces env\u00edame un\u00a0correo a <span style=\"text-decoration: underline;\">victor@tecnicashablarenpublico.com<\/span> y solicita informes. As\u00ed te dar\u00e9 m\u00e1s informaci\u00f3n de c\u00f3mo puedes formar parte&#8230;<\/p>\n<p style=\"color: #404040;\"><strong><span style=\"font-style: inherit;\">\u2022 CERTIFICADO-BECA:<\/span><\/strong><\/p>\n<p style=\"color: #404040;\">Si tu tomas este curso completo de introducci\u00f3n a la oratoria, recibir\u00e1s un certificado\/beca que te otorgar\u00e1 el 10% de descuento para que tengas acceso de por vida a la comunidad de T\u00e9cnicas hablar en p\u00fablico, donde te damos todo el curso de entrenamiento, que son horas de video, tareas pr\u00e1cticas, pero sobre todo una comunidad de personas que tienen el objetivo com\u00fan de poder hablar en p\u00fablico transmitiendo una imagen positiva que cautive e inspire a las personas.<\/p>\n<p style=\"color: #404040; text-align: center;\"><span style=\"text-decoration: underline;\">Detalles del curso:<\/span><\/p>\n<p style=\"color: #404040; text-align: center;\"><a href=\"https:\/\/tecnicashablarenpublico.com\/detalles-suscriptores\" target=\"_blank\">https:\/\/tecnicashablarenpublico.com\/detalles-suscriptores<\/a><\/p>\n<p><strong>Victor Toscano y V\u00edctor P\u00e9rez<\/strong><br \/>\nTecnicasHablarEnPublico.com<\/p>\n","protected":false},"excerpt":{"rendered":"<p>[headline_arial_small_centered color=\u00bb#aa0000&#8243;]Mira a continuaci\u00f3n el\u00a0Video Extra que contiene las 10 t\u00e9cnicas faltantes&#8230;[\/headline_arial_small_centered] [headline_arial_small_centered color=\u00bb#aa0000&#8243;]Descarga\u00a0a continuaci\u00f3n la Gu\u00eda en PDF&#8230;[\/headline_arial_small_centered] Haz click derecho aqu\u00ed &gt;&gt; guadrar como, para descargar el PDF&#8230; &nbsp; &nbsp; \u00bfQuieres avanzar al siguiente nivel en tu manera de comunicarte? Si adem\u00e1s de recibir estos videos, quieres unirte a nuestra comunidad para practicar [&hellip;]<\/p>\n","protected":false},"author":1,"featured_media":0,"parent":0,"menu_order":0,"comment_status":"open","ping_status":"closed","template":"blogpage_001.php","meta":{"footnotes":""},"class_list":["post-2164","page","type-page","status-publish","hentry","post-wrapper","thrv_wrapper"],"yoast_head":"<!-- This site is optimized with the Yoast SEO plugin v27.5 - https:\/\/yoast.com\/product\/yoast-seo-wordpress\/ -->\n<title>Video EXTRA: C\u00f3mo Mover Tus Manos al Hablar en P\u00fablico - TecnicasHablarEnPublico.Com<\/title>\n<meta name=\"robots\" content=\"index, follow, max-snippet:-1, max-image-preview:large, max-video-preview:-1\" \/>\n<link rel=\"canonical\" href=\"https:\/\/tecnicashablarenpublico.com\/blog\/video-extra-como-mover-tus-manos-al-hablar-en-publico\/\" \/>\n<meta property=\"og:locale\" content=\"es_ES\" \/>\n<meta property=\"og:type\" content=\"article\" \/>\n<meta property=\"og:title\" content=\"Video EXTRA: C\u00f3mo Mover Tus Manos al Hablar en P\u00fablico - TecnicasHablarEnPublico.Com\" \/>\n<meta property=\"og:description\" content=\"[headline_arial_small_centered color=\u00bb#aa0000&#8243;]Mira a continuaci\u00f3n el\u00a0Video Extra que contiene las 10 t\u00e9cnicas faltantes&#8230;[\/headline_arial_small_centered] [headline_arial_small_centered color=\u00bb#aa0000&#8243;]Descarga\u00a0a continuaci\u00f3n la Gu\u00eda en PDF&#8230;[\/headline_arial_small_centered] Haz click derecho aqu\u00ed &gt;&gt; guadrar como, para descargar el PDF&#8230; &nbsp; &nbsp; \u00bfQuieres avanzar al siguiente nivel en tu manera de comunicarte? Si adem\u00e1s de recibir estos videos, quieres unirte a nuestra comunidad para practicar [&hellip;]\" \/>\n<meta property=\"og:url\" content=\"https:\/\/tecnicashablarenpublico.com\/blog\/video-extra-como-mover-tus-manos-al-hablar-en-publico\/\" \/>\n<meta property=\"og:site_name\" content=\"TecnicasHablarEnPublico.Com\" \/>\n<meta property=\"article:publisher\" content=\"https:\/\/www.facebook.com\/VictorToscanoOficial\/\" \/>\n<meta property=\"article:modified_time\" content=\"2015-03-05T22:41:20+00:00\" \/>\n<meta property=\"og:image\" content=\"https:\/\/tecnicashablarenpublico.com\/blog\/wp-content\/uploads\/2015\/03\/hep-portada-guia-podcast-99-como-mover-tus-manos.png\" \/>\n<meta name=\"twitter:card\" content=\"summary_large_image\" \/>\n<meta name=\"twitter:label1\" content=\"Tiempo de lectura\" \/>\n\t<meta name=\"twitter:data1\" content=\"1 minuto\" \/>\n<script type=\"application\/ld+json\" class=\"yoast-schema-graph\">{\"@context\":\"https:\\\/\\\/schema.org\",\"@graph\":[{\"@type\":\"WebPage\",\"@id\":\"https:\\\/\\\/tecnicashablarenpublico.com\\\/blog\\\/video-extra-como-mover-tus-manos-al-hablar-en-publico\\\/\",\"url\":\"https:\\\/\\\/tecnicashablarenpublico.com\\\/blog\\\/video-extra-como-mover-tus-manos-al-hablar-en-publico\\\/\",\"name\":\"Video EXTRA: C\u00f3mo Mover Tus Manos al Hablar en P\u00fablico - TecnicasHablarEnPublico.Com\",\"isPartOf\":{\"@id\":\"https:\\\/\\\/tecnicashablarenpublico.com\\\/blog\\\/#website\"},\"primaryImageOfPage\":{\"@id\":\"https:\\\/\\\/tecnicashablarenpublico.com\\\/blog\\\/video-extra-como-mover-tus-manos-al-hablar-en-publico\\\/#primaryimage\"},\"image\":{\"@id\":\"https:\\\/\\\/tecnicashablarenpublico.com\\\/blog\\\/video-extra-como-mover-tus-manos-al-hablar-en-publico\\\/#primaryimage\"},\"thumbnailUrl\":\"https:\\\/\\\/tecnicashablarenpublico.com\\\/blog\\\/wp-content\\\/uploads\\\/2015\\\/03\\\/hep-portada-guia-podcast-99-como-mover-tus-manos.png\",\"datePublished\":\"2015-03-05T22:22:56+00:00\",\"dateModified\":\"2015-03-05T22:41:20+00:00\",\"breadcrumb\":{\"@id\":\"https:\\\/\\\/tecnicashablarenpublico.com\\\/blog\\\/video-extra-como-mover-tus-manos-al-hablar-en-publico\\\/#breadcrumb\"},\"inLanguage\":\"es\",\"potentialAction\":[{\"@type\":\"ReadAction\",\"target\":[\"https:\\\/\\\/tecnicashablarenpublico.com\\\/blog\\\/video-extra-como-mover-tus-manos-al-hablar-en-publico\\\/\"]}]},{\"@type\":\"ImageObject\",\"inLanguage\":\"es\",\"@id\":\"https:\\\/\\\/tecnicashablarenpublico.com\\\/blog\\\/video-extra-como-mover-tus-manos-al-hablar-en-publico\\\/#primaryimage\",\"url\":\"https:\\\/\\\/i0.wp.com\\\/tecnicashablarenpublico.com\\\/blog\\\/wp-content\\\/uploads\\\/2015\\\/03\\\/hep-portada-guia-podcast-99-como-mover-tus-manos.png?fit=350%2C500&ssl=1\",\"contentUrl\":\"https:\\\/\\\/i0.wp.com\\\/tecnicashablarenpublico.com\\\/blog\\\/wp-content\\\/uploads\\\/2015\\\/03\\\/hep-portada-guia-podcast-99-como-mover-tus-manos.png?fit=350%2C500&ssl=1\",\"width\":350,\"height\":500,\"caption\":\"Click Aqu\u00ed para Descargar el PDF...\"},{\"@type\":\"BreadcrumbList\",\"@id\":\"https:\\\/\\\/tecnicashablarenpublico.com\\\/blog\\\/video-extra-como-mover-tus-manos-al-hablar-en-publico\\\/#breadcrumb\",\"itemListElement\":[{\"@type\":\"ListItem\",\"position\":1,\"name\":\"Portada\",\"item\":\"https:\\\/\\\/tecnicashablarenpublico.com\\\/blog\\\/\"},{\"@type\":\"ListItem\",\"position\":2,\"name\":\"Video EXTRA: C\u00f3mo Mover Tus Manos al Hablar en P\u00fablico\"}]},{\"@type\":\"WebSite\",\"@id\":\"https:\\\/\\\/tecnicashablarenpublico.com\\\/blog\\\/#website\",\"url\":\"https:\\\/\\\/tecnicashablarenpublico.com\\\/blog\\\/\",\"name\":\"TecnicasHablarEnPublico.Com\",\"description\":\"Blog\",\"publisher\":{\"@id\":\"https:\\\/\\\/tecnicashablarenpublico.com\\\/blog\\\/#organization\"},\"potentialAction\":[{\"@type\":\"SearchAction\",\"target\":{\"@type\":\"EntryPoint\",\"urlTemplate\":\"https:\\\/\\\/tecnicashablarenpublico.com\\\/blog\\\/?s={search_term_string}\"},\"query-input\":{\"@type\":\"PropertyValueSpecification\",\"valueRequired\":true,\"valueName\":\"search_term_string\"}}],\"inLanguage\":\"es\"},{\"@type\":\"Organization\",\"@id\":\"https:\\\/\\\/tecnicashablarenpublico.com\\\/blog\\\/#organization\",\"name\":\"TecnicasHablarEnPublico\",\"url\":\"https:\\\/\\\/tecnicashablarenpublico.com\\\/blog\\\/\",\"logo\":{\"@type\":\"ImageObject\",\"inLanguage\":\"es\",\"@id\":\"https:\\\/\\\/tecnicashablarenpublico.com\\\/blog\\\/#\\\/schema\\\/logo\\\/image\\\/\",\"url\":\"https:\\\/\\\/i0.wp.com\\\/tecnicashablarenpublico.com\\\/blog\\\/wp-content\\\/uploads\\\/2014\\\/11\\\/logo_cuadrado.png?fit=286%2C255&ssl=1\",\"contentUrl\":\"https:\\\/\\\/i0.wp.com\\\/tecnicashablarenpublico.com\\\/blog\\\/wp-content\\\/uploads\\\/2014\\\/11\\\/logo_cuadrado.png?fit=286%2C255&ssl=1\",\"width\":286,\"height\":255,\"caption\":\"TecnicasHablarEnPublico\"},\"image\":{\"@id\":\"https:\\\/\\\/tecnicashablarenpublico.com\\\/blog\\\/#\\\/schema\\\/logo\\\/image\\\/\"},\"sameAs\":[\"https:\\\/\\\/www.facebook.com\\\/VictorToscanoOficial\\\/\"]}]}<\/script>\n<!-- \/ Yoast SEO plugin. -->","yoast_head_json":{"title":"Video EXTRA: C\u00f3mo Mover Tus Manos al Hablar en P\u00fablico - TecnicasHablarEnPublico.Com","robots":{"index":"index","follow":"follow","max-snippet":"max-snippet:-1","max-image-preview":"max-image-preview:large","max-video-preview":"max-video-preview:-1"},"canonical":"https:\/\/tecnicashablarenpublico.com\/blog\/video-extra-como-mover-tus-manos-al-hablar-en-publico\/","og_locale":"es_ES","og_type":"article","og_title":"Video EXTRA: C\u00f3mo Mover Tus Manos al Hablar en P\u00fablico - TecnicasHablarEnPublico.Com","og_description":"[headline_arial_small_centered color=\u00bb#aa0000&#8243;]Mira a continuaci\u00f3n el\u00a0Video Extra que contiene las 10 t\u00e9cnicas faltantes&#8230;[\/headline_arial_small_centered] [headline_arial_small_centered color=\u00bb#aa0000&#8243;]Descarga\u00a0a continuaci\u00f3n la Gu\u00eda en PDF&#8230;[\/headline_arial_small_centered] Haz click derecho aqu\u00ed &gt;&gt; guadrar como, para descargar el PDF&#8230; &nbsp; &nbsp; \u00bfQuieres avanzar al siguiente nivel en tu manera de comunicarte? Si adem\u00e1s de recibir estos videos, quieres unirte a nuestra comunidad para practicar [&hellip;]","og_url":"https:\/\/tecnicashablarenpublico.com\/blog\/video-extra-como-mover-tus-manos-al-hablar-en-publico\/","og_site_name":"TecnicasHablarEnPublico.Com","article_publisher":"https:\/\/www.facebook.com\/VictorToscanoOficial\/","article_modified_time":"2015-03-05T22:41:20+00:00","og_image":[{"url":"https:\/\/tecnicashablarenpublico.com\/blog\/wp-content\/uploads\/2015\/03\/hep-portada-guia-podcast-99-como-mover-tus-manos.png","type":"","width":"","height":""}],"twitter_card":"summary_large_image","twitter_misc":{"Tiempo de lectura":"1 minuto"},"schema":{"@context":"https:\/\/schema.org","@graph":[{"@type":"WebPage","@id":"https:\/\/tecnicashablarenpublico.com\/blog\/video-extra-como-mover-tus-manos-al-hablar-en-publico\/","url":"https:\/\/tecnicashablarenpublico.com\/blog\/video-extra-como-mover-tus-manos-al-hablar-en-publico\/","name":"Video EXTRA: C\u00f3mo Mover Tus Manos al Hablar en P\u00fablico - TecnicasHablarEnPublico.Com","isPartOf":{"@id":"https:\/\/tecnicashablarenpublico.com\/blog\/#website"},"primaryImageOfPage":{"@id":"https:\/\/tecnicashablarenpublico.com\/blog\/video-extra-como-mover-tus-manos-al-hablar-en-publico\/#primaryimage"},"image":{"@id":"https:\/\/tecnicashablarenpublico.com\/blog\/video-extra-como-mover-tus-manos-al-hablar-en-publico\/#primaryimage"},"thumbnailUrl":"https:\/\/tecnicashablarenpublico.com\/blog\/wp-content\/uploads\/2015\/03\/hep-portada-guia-podcast-99-como-mover-tus-manos.png","datePublished":"2015-03-05T22:22:56+00:00","dateModified":"2015-03-05T22:41:20+00:00","breadcrumb":{"@id":"https:\/\/tecnicashablarenpublico.com\/blog\/video-extra-como-mover-tus-manos-al-hablar-en-publico\/#breadcrumb"},"inLanguage":"es","potentialAction":[{"@type":"ReadAction","target":["https:\/\/tecnicashablarenpublico.com\/blog\/video-extra-como-mover-tus-manos-al-hablar-en-publico\/"]}]},{"@type":"ImageObject","inLanguage":"es","@id":"https:\/\/tecnicashablarenpublico.com\/blog\/video-extra-como-mover-tus-manos-al-hablar-en-publico\/#primaryimage","url":"https:\/\/i0.wp.com\/tecnicashablarenpublico.com\/blog\/wp-content\/uploads\/2015\/03\/hep-portada-guia-podcast-99-como-mover-tus-manos.png?fit=350%2C500&ssl=1","contentUrl":"https:\/\/i0.wp.com\/tecnicashablarenpublico.com\/blog\/wp-content\/uploads\/2015\/03\/hep-portada-guia-podcast-99-como-mover-tus-manos.png?fit=350%2C500&ssl=1","width":350,"height":500,"caption":"Click Aqu\u00ed para Descargar el PDF..."},{"@type":"BreadcrumbList","@id":"https:\/\/tecnicashablarenpublico.com\/blog\/video-extra-como-mover-tus-manos-al-hablar-en-publico\/#breadcrumb","itemListElement":[{"@type":"ListItem","position":1,"name":"Portada","item":"https:\/\/tecnicashablarenpublico.com\/blog\/"},{"@type":"ListItem","position":2,"name":"Video EXTRA: C\u00f3mo Mover Tus Manos al Hablar en P\u00fablico"}]},{"@type":"WebSite","@id":"https:\/\/tecnicashablarenpublico.com\/blog\/#website","url":"https:\/\/tecnicashablarenpublico.com\/blog\/","name":"TecnicasHablarEnPublico.Com","description":"Blog","publisher":{"@id":"https:\/\/tecnicashablarenpublico.com\/blog\/#organization"},"potentialAction":[{"@type":"SearchAction","target":{"@type":"EntryPoint","urlTemplate":"https:\/\/tecnicashablarenpublico.com\/blog\/?s={search_term_string}"},"query-input":{"@type":"PropertyValueSpecification","valueRequired":true,"valueName":"search_term_string"}}],"inLanguage":"es"},{"@type":"Organization","@id":"https:\/\/tecnicashablarenpublico.com\/blog\/#organization","name":"TecnicasHablarEnPublico","url":"https:\/\/tecnicashablarenpublico.com\/blog\/","logo":{"@type":"ImageObject","inLanguage":"es","@id":"https:\/\/tecnicashablarenpublico.com\/blog\/#\/schema\/logo\/image\/","url":"https:\/\/i0.wp.com\/tecnicashablarenpublico.com\/blog\/wp-content\/uploads\/2014\/11\/logo_cuadrado.png?fit=286%2C255&ssl=1","contentUrl":"https:\/\/i0.wp.com\/tecnicashablarenpublico.com\/blog\/wp-content\/uploads\/2014\/11\/logo_cuadrado.png?fit=286%2C255&ssl=1","width":286,"height":255,"caption":"TecnicasHablarEnPublico"},"image":{"@id":"https:\/\/tecnicashablarenpublico.com\/blog\/#\/schema\/logo\/image\/"},"sameAs":["https:\/\/www.facebook.com\/VictorToscanoOficial\/"]}]}},"jetpack_shortlink":"https:\/\/wp.me\/P338RC-yU","jetpack-related-posts":[{"id":2101,"url":"https:\/\/tecnicashablarenpublico.com\/blog\/guia-practica-pdf-como-estructurar-tu-discurso-de-oratoria\/","url_meta":{"origin":2164,"position":0},"title":"Gu\u00eda Pr\u00e1ctica PDF: C\u00f3mo Estructurar Tu Discurso de Oratoria","author":"Victor Toscano T V","date":"27\/01\/2015","format":false,"excerpt":"[headline_arial_small_centered color=\"#aa0000\"]Modela este Ejemplo Pr\u00e1ctico de\u00a0C\u00f3mo Estructurar Tu Presentaci\u00f3n, para Hablar en P\u00fablico...[\/headline_arial_small_centered] [headline_arial_small_centered color=\"#000000\"]Haz click aqu\u00ed para Descargar esta Gu\u00eda...[\/headline_arial_small_centered] Este documento complementa lo explicado en el video de youtube llamado: \u201cCurso de Oratoria \u2013 Pr\u00e1ctica 2 \u2013 C\u00f3mo Estructurar y Preparar una Presentaci\u00f3n.\u201d En esta gu\u00eda\u00a0encontrar\u00e1s un ejemplo\u2026","rel":"","context":"Entrada similar","block_context":{"text":"Entrada similar","link":""},"img":{"alt_text":"como hablar en publico - guia practica en pdf - como estructurar un discurso","src":"https:\/\/i0.wp.com\/tecnicashablarenpublico.com\/blog\/wp-content\/uploads\/2015\/01\/hep-portada-guia-estructura-compressor.png?resize=350%2C200&ssl=1","width":350,"height":200},"classes":[]},{"id":2148,"url":"https:\/\/tecnicashablarenpublico.com\/blog\/guia-practica-pdf-como-memorizar-tu-discurso-de-oratoria-presentacion-en-publico\/","url_meta":{"origin":2164,"position":1},"title":"Gu\u00eda Pr\u00e1ctica PDF: C\u00f3mo Memorizar Tu Discurso de Oratoria | Presentaci\u00f3n en P\u00fablico","author":"Victor Toscano T V","date":"12\/02\/2015","format":false,"excerpt":"[headline_arial_small_centered color=\"#aa0000\"]M\u00e9todo Loci para Memorizar\u00a0Tu Presentaci\u00f3n\u00a0al\u00a0Hablar en P\u00fablico o tu Discurso de Oratoria...[\/headline_arial_small_centered] [headline_arial_small_centered color=\"#000000\"]Haz click aqu\u00ed para Descargar esta Gu\u00eda...[\/headline_arial_small_centered] Este documento complementa lo explicado en el video de youtube llamado: \u201cCurso de Oratoria \u2013 Pr\u00e1ctica 2 \u2013 C\u00f3mo Estructurar y Preparar una Presentaci\u00f3n.\u201d En esta gu\u00eda\u00a0encontrar\u00e1s un ejemplo\u2026","rel":"","context":"Entrada similar","block_context":{"text":"Entrada similar","link":""},"img":{"alt_text":"hablar-en-publico-guia-pdf-como-memorizar-tu-discurso-presentacion-de-oratoria","src":"https:\/\/i0.wp.com\/tecnicashablarenpublico.com\/blog\/wp-content\/uploads\/2015\/02\/hablar-en-publico-guia-pdf-como-memorizar-tu-discurso-presentacion-de-oratoria.png?resize=350%2C200&ssl=1","width":350,"height":200},"classes":[]},{"id":914,"url":"https:\/\/tecnicashablarenpublico.com\/blog\/la-clave\/","url_meta":{"origin":2164,"position":2},"title":"La CLAVE para Aprender a Hablar en P\u00fablico (VIDEO CORTO)","author":"Victor Toscano T V","date":"01\/02\/2013","format":false,"excerpt":"[headline_arial_medium_centered color=\"#aa0000\"]La CLAVE para Aprender a Hablar en P\u00fablico[\/headline_arial_medium_centered] Muy bien, aqu\u00ed tienes el VIDEO del que te habl\u00e9, presta s\u00f3lo 7 minutos de tu atenci\u00f3n y m\u00edralo: [headline_arial_medium_centered color=\"#aa0000\"]D\u00e9jame Mostrarte C\u00f3mo T\u00da Puedes Aprender A Hablar En P\u00fablico Como Un Profesional Y Vencer Tu P\u00e1nico Esc\u00e9nico En S\u00f3lo 4\u2026","rel":"","context":"Entrada similar","block_context":{"text":"Entrada similar","link":""},"img":{"alt_text":"Victor Toscano - Tecnicas para hablar en publico","src":"https:\/\/i0.wp.com\/tecnicashablarenpublico.com\/imagenes\/n\/victor_toscano.png?resize=350%2C200&ssl=1","width":350,"height":200},"classes":[]},{"id":76,"url":"https:\/\/tecnicashablarenpublico.com\/blog\/productos\/","url_meta":{"origin":2164,"position":3},"title":"Inscr\u00edbete a mi Curso:","author":"Victor Toscano T V","date":"16\/06\/2010","format":false,"excerpt":"[headline_arial_small_left color=\"#cc0000\"]CURSO-ENTRENAMIENTO: \"C\u00f3mo Convertirte En Un Experto Para Hablar En P\u00fablico[\/headline_arial_small_left] Este es un\u00a0Curso-Entrenamiento en Audio, Video y Texto\u00a0totalmente EN LINEA (virtual), que est\u00e1 dise\u00f1ado espec\u00edficamente para personas que tienen\u00a0miedo a hablar en p\u00fablico\u00a0y quieren aprender a expresarse mejor... Pero tambi\u00e9n es de gran utilidad para aquellos que ya tienen\u2026","rel":"","context":"En \u00abT\u00e9cnicas Para Hablar En P\u00fablico\u00bb","block_context":{"text":"T\u00e9cnicas Para Hablar En P\u00fablico","link":"https:\/\/tecnicashablarenpublico.com\/blog\/category\/tecnicas-para-hablar-en-publico\/"},"img":{"alt_text":"","src":"","width":0,"height":0},"classes":[]},{"id":2157,"url":"https:\/\/tecnicashablarenpublico.com\/blog\/guia-practica-pdf-13-tecnicas-de-como-mover-tus-manos-al-hablar-en-publico\/","url_meta":{"origin":2164,"position":4},"title":"Gu\u00eda Pr\u00e1ctica PDF: 13 T\u00e9cnicas de C\u00f3mo Mover Tus Manos al Hablar en P\u00fablico","author":"Victor Toscano T V","date":"05\/03\/2015","format":false,"excerpt":"\u00bfPor qu\u00e9 prestar atenci\u00f3n a los movimientos que haces con tus manos? La manera en que mueves tus manos, sea consciente o inconscientemente puede enfatizar tu mensaje de manera positiva o de manera negativa. Los movimientos de tus manos son una parte importante de tu lenguaje no verbal, y por\u2026","rel":"","context":"Entrada similar","block_context":{"text":"Entrada similar","link":""},"img":{"alt_text":"","src":"https:\/\/i0.wp.com\/optimizacionpaginasmedia.s3.amazonaws.com\/2023\/06\/mmb8YmZw-como-mover-tus-manos-al-hablar-en-publico.png?fit=460%2C328&ssl=1&resize=350%2C200","width":350,"height":200},"classes":[]},{"id":2,"url":"https:\/\/tecnicashablarenpublico.com\/blog\/sobre-mi\/","url_meta":{"origin":2164,"position":5},"title":"\u00bfQui\u00e9n es V\u00edctor Toscano?","author":"Victor Toscano T V","date":"02\/06\/2010","format":false,"excerpt":"\u00a1Hola! Soy V\u00edctor Toscano, creador de esta p\u00e1gina. Mi misi\u00f3n es\u00a0ayudar\u00a0a las personas que est\u00e1n sufriendo lo que yo viv\u00ed:\u00a0\"El Miedo a Hablar en P\u00fablico.\" Yo era muy\u00a0t\u00edmido e introvertido, y sin embargo estaba lleno de sue\u00f1os. Pero para poder alcanzar esos sue\u00f1os, era necesario aprender a comunicarme y relacionarme\u2026","rel":"","context":"Entrada similar","block_context":{"text":"Entrada similar","link":""},"img":{"alt_text":"Victor Toscano","src":"https:\/\/i0.wp.com\/tecnicashablarenpublico.com\/blog\/wp-content\/uploads\/2010\/06\/FOTO_PERFIL-300x300.png?resize=350%2C200&ssl=1","width":350,"height":200},"classes":[]}],"jetpack_sharing_enabled":true,"_links":{"self":[{"href":"https:\/\/tecnicashablarenpublico.com\/blog\/wp-json\/wp\/v2\/pages\/2164","targetHints":{"allow":["GET"]}}],"collection":[{"href":"https:\/\/tecnicashablarenpublico.com\/blog\/wp-json\/wp\/v2\/pages"}],"about":[{"href":"https:\/\/tecnicashablarenpublico.com\/blog\/wp-json\/wp\/v2\/types\/page"}],"author":[{"embeddable":true,"href":"https:\/\/tecnicashablarenpublico.com\/blog\/wp-json\/wp\/v2\/users\/1"}],"replies":[{"embeddable":true,"href":"https:\/\/tecnicashablarenpublico.com\/blog\/wp-json\/wp\/v2\/comments?post=2164"}],"version-history":[{"count":0,"href":"https:\/\/tecnicashablarenpublico.com\/blog\/wp-json\/wp\/v2\/pages\/2164\/revisions"}],"wp:attachment":[{"href":"https:\/\/tecnicashablarenpublico.com\/blog\/wp-json\/wp\/v2\/media?parent=2164"}],"curies":[{"name":"wp","href":"https:\/\/api.w.org\/{rel}","templated":true}]}}